s the tens digit of 419627472?
7
What is the thousands digit of 154255810?
5
What is the units digit of 7606002?
2
What is the thousands digit of 104807237?
7
What is the hundreds digit of 58653361?
3
What is the hundred millions digit of 199562713?
1
What is the hundreds digit of 5318594791?
7
What is the tens digit of 3386439106?
0
What is the hundreds digit of 2045283750?
7
What is the thousands digit of 4622392654?
2
What is the hundred millions digit of 1391013935?
3
What is the tens digit of 320698020?
2
What is the ten thousands digit of 205432778?
3
What is the hundreds digit of 2821414970?
9
What is the thousands digit of 24547980?
7
What is the units digit of 7580832?
2
What is the hundred thousands digit of 563498261?
4
What is the units digit of 251010866?
6
What is the ten thousands digit of 1156697471?
9
What is the units digit of 36792938?
8
What is the tens digit of 37235388?
8
What is the ten thousands digit of 523176441?
7
What is the hundreds digit of 20630888?
8
What is the thousands digit of 4751372?
1
What is the ten millions digit of 6480686008?
8
What is the millions digit of 139844037?
9
What is the hundred millions digit of 181923522?
1
What is the millions digit of 86153863?
6
What is the ten thousands digit of 86412789?
1
What is the millions digit of 1356485763?
6
What is the ten millions digit of 224695937?
2
What is the thousands digit of 65388819?
8
What is the tens digit of 57408377?
7
What is the tens digit of 679333747?
4
What is the tens digit of 1064646049?
4
What is the hundred millions digit of 977581737?
9
What is the tens digit of 127478259?
5
What is the hundreds digit of 97370511?
5
What is the thousands digit of 2755585356?
5
What is the ten millions digit of 238261754?
3
What is the units digit of 1675964647?
7
What is the thousands digit of 89331605?
1
What is the millions digit of 272905886?
2
What is the millions digit of 2795794276?
5
What is the millions digit of 790950281?
0
What is the hundred thousands digit of 7197759?
1
What is the hundred millions digit of 600681459?
6
What is the hundreds digit of 10342864?
8
What is the ten millions digit of 625987257?
2
What is the ten millions digit of 238753788?
3
What is the tens digit of 126905052?
5
What is the units digit of 5020597275?
5
What is the hundred thousands digit of 899077463?
0
What is the millions digit of 16130980?
6
What is the ten thousands digit of 143862008?
6
What is the millions digit of 107389750?
7
What is the tens digit of 383505168?
6
What is the hundred thousands digit of 2292882168?
8
What is the hundreds digit of 94552735?
7
What is the hundred thousands digit of 7261771513?
7
What is the hundred thousands digit of 79937637?
9
What is the hundred thousands digit of 404861558?
8
What is the hundreds digit of 446066255?
2
What is the units digit of 42435189?
9
What is the tens digit of 352845550?
5
What is the hundred thousands digit of 4325942?
3
What is the hundred thousands digit of 78876766?
8
What is the ten thousands digit of 26050786?
5
What is the millions digit of 3449442214?
9
What is the hundred thousands digit of 81147063?
1
What is the millions digit of 4073060?
4
What is the tens digit of 1101801400?
0
What is the hundreds digit of 934008656?
6
What is the ten thousands digit of 280253050?
5
What is the millions digit of 5658913?
5
What is the millions digit of 3605013343?
5
What is the hundred thousands digit of 139909528?
9
What is the ten millions digit of 526754262?
2
What is the ten thousands digit of 1596354883?
5
What is the ten thousands digit of 432814877?
1
What is the millions digit of 45070110?
5
What is the millions digit of 741549370?
1
What is the millions digit of 3343276?
3
What is the hundreds digit of 574889828?
8
What is the tens digit of 24442782?
8
What is the hundreds digit of 190992293?
2
What is the ten millions digit of 141731450?
4
What is the hundred thousands digit of 702294054?
2
What is the hundred thousands digit of 1555097602?
0
What is the tens digit of 27241798?
9
What is the hundred thousands digit of 102513283?
5
What is the ten millions digit of 239914864?
3
What is the tens digit of 6877427?
2
What is the ten thousands digit of 3133862?
3
What is the tens digit of 690296151?
5
What is the units digit of 53480325?
5
What is the tens digit of 12301023?
2
What is the ten millions digit of 16301797?
1
What is the hundred thousands digit of 394090639?
0
What is the ten millions digit of 148110616?
4
What is the units digit of 25859020?
0
What is the tens digit of 1086148847?
4
What is the units digit of 8451527?
7
What is the ten thousands digit of 5811286692?
8
What is the millions digit of 202622495?
2
What is the tens digit of 371632126?
2
What is the tens digit of 50072874?
7
What is the ten thousands digit of 192463902?
6
What is the hundred thousands digit of 428539893?
5
What is the tens digit of 86391800?
0
What is the ten millions digit of 191093741?
9
What is the tens digit of 38745424?
2
What is the hundred thousands digit of 277568008?
5
What is the hundred thousands digit of 2099706775?
7
What is the millions digit of 195355092?
5
What is the hundreds digit of 352011925?
9
What is the units digit of 14570909?
9
What is the tens digit of 401168326?
2
What is the ten millions digit of 427992839?
2
What is the hundred thousands digit of 409155331?
1
What is the ten thousands digit of 3173304433?
0
What is the millions digit of 67696349?
7
What is the billions digit of 4299796749?
4
What is the hundred thousands digit of 1737708725?
7
What is the billions digit of 1877316456?
1
What is the tens digit of 136926608?
0
What is the units digit of 40109359?
9
What is the thousands digit of 6090582614?
2
What is the tens digit of 4629424977?
7
What is the tens digit of 1731014754?
5
What is the ten thousands digit of 278454587?
5
What is the ten thousands digit of 694840976?
4
What is the millions digit of 3424417974?
4
What is the units digit of 12421354?
4
What is the hundred millions digit of 1646454737?
6
What is the tens digit of 19535518?
1
What is the tens digit of 1164106200?
0
What is the thousands digit of 677749413?
9
What is the units digit of 1992869834?
4
What is the hundred thousands digit of 15497169?
4
What is the hundreds digit of 44676642?
6
What is the hundred millions digit of 1268548885?
2
What is the thousands digit of 956489129?
9
What is the units digit of 571470668?
8
What is the hundreds digit of 285439812?
8
What is the thousands digit of 5384105?
4
What is the hundreds digit of 2690366495?
4
What is the ten millions digit of 81008762?
8
What is the ten millions digit of 105119166?
0
What is the millions digit of 784280266?
4
What is the hundred millions digit of 5494985610?
4
What is the thousands digit of 5097191361?
1
What is the units digit of 40072645?
5
What is the millions digit of 2627444589?
7
What is the ten thousands digit of 964753285?
5
What is the hundred thousands digit of 4031003273?
0
What is the ten thousands digit of 20454058?
5
What is the hundreds digit of 6601130?
1
What is the thousands digit of 440506229?
6
What is the thousands digit of 69176061?
6
What is the thousands digit of 57665340?
5
What is the ten millions digit of 306020934?
0
What is the ten millions digit of 968770176?
6
What is the hundred thousands digit of 241555139?
5
What is the hundreds digit of 239826938?
9
What is the thousands digit of 17459854?
9
What is the hundreds digit of 162787508?
5
What is the hundreds digit of 65656020?
0
What is the hundreds digit of 108286362?
3
What is the thousands digit of 8122898873?
8
What is the hundred millions digit of 152498335?
1
What is the ten millions digit of 54230411?
5
What is the ten thousands digit of 1192526981?
2
What is the tens digit of 11174792?
9
What is the tens digit of 3991424690?
9
What is the hundred thousands digit of 5586692412?
6
What is the millions digit of 23764368?
3
What is the tens digit of 114045481?
8
What is the hundreds digit of 197494741?
7
What is the ten thousands digit of 108551034?
5
What is the thousands digit of 14122086?
2
What is the millions digit of 318100227?
8
What is the millions digit of 836592828?
6
What is the hundred millions digit of 5944243998?
9
What is t